Calculate u(-11).
3
Let a(h) = -4*h + 2. Determine a(9).
-34
Let s(a) = a**3 - 5*a**2 - a - 4. Calculate s(4).
-24
Let z(l) = l**2 + 8. Determine z(-2).
12
Let c(h) = -h**2 - 4*h - 1. Determine c(-3).
2
Let i(a) = a**3 - 6*a**2 + 13*a - 4. What is i(5)?
36
Let d(z) = -z**3 + 7*z**2 - 6*z - 8. Calculate d(6).
-8
Let z(t) = t**3 + 12*t**2 + 34*t - 21. Calculate z(-7).
-14
Let c(w) = -5*w**3 - 5*w**2 + 5*w. Calculate c(1).
-5
Let a(g) = -g**3 + 10*g**2 - 17*g + 2. Give a(8).
-6
Let q(g) = 2*g - 21. What is q(10)?
-1
Let p(d) = -2*d**3 - 8*d**2 - 10*d - 7. What is p(-4)?
33
Let a(t) = 5*t - 12. What is a(7)?
23
Let z(w) = w**3 + 31*w**2 - 102*w. Determine z(-34).
0
Let d(u) = -u**2 - 3*u - 24. Give d(-10).
-94
Let q(b) = -b**2 + 12*b + 10. Give q(7).
45
Let w(t) = t**3 - 16*t**2 + 56*t - 24. What is w(11)?
-13
Let n(f) = -f**3 - 4*f**2 + f + 5. Determine n(-3).
-7
Let w(z) = -z**2 + 2*z + 64. Calculate w(-10).
-56
Let y(n) = -n**2 + 13. Determine y(-9).
-68
Let y(g) = g + 24. What is y(-16)?
8
Let n(j) = j**3 + 13*j**2 - 1. Determine n(-13).
-1
Let m(g) = -19*g**2 + 2*g - 2. Determine m(1).
-19
Let q(y) = -y**2 + 64*y - 1019. Give q(30).
1
Let y(f) = 4*f + 8. Calculate y(4).
24
Let q(d) = -d**3 - 6*d**2 + 10*d + 9. Calculate q(-7).
-12
Let o(n) = -3*n - 13. Calculate o(-9).
14
Let w(o) = o**3 + 22*o**2 + 24*o + 49. Give w(-21).
-14
Let c(y) = -y**2 - 5*y - 13. Give c(-6).
-19
Let t(i) = 2*i**2 + 7*i - 7. Determine t(-4).
-3
Let w(n) = -7*n + 5. Determine w(5).
-30
Let y(v) = v**3 + 11*v**2 - 41*v + 11. What is y(-14)?
-3
Let m(y) = -y**2 + 11*y + 44. What is m(-5)?
-36
Let c(j) = j**2 - 13*j - 29. What is c(-2)?
1
Let u(g) = -9*g**2 + 57*g - 2. Determine u(6).
16
Let n(t) = -3*t - 3. What is n(-2)?
3
Let i(p) = -41*p**3 + p**2 + 2*p - 1. Calculate i(1).
-39
Let o(g) = 2*g**2 - 8*g + 9. Give o(5).
19
Let y(u) = -2*u**2 - 37*u - 3. Determine y(-18).
15
Let q(r) = 2*r**2 - 1. What is q(1)?
1
Let x(v) = -v**2 + 5*v + 8. Determine x(8).
-16
Let w(n) = n**3 + 18*n**2 - 2*n - 24. Give w(-18).
12
Let f(d) = -d**3 - 3*d**2 + 3*d + 6. Calculate f(-4).
10
Let i(c) = -2*c**2 + 10*c - 4. What is i(4)?
4
Let k(b) = -2*b**3 - 17*b**2 + 26*b - 39. Calculate k(-10).
1
Let o(j) = -j**2 + 7*j - 3. Calculate o(5).
7
Let r(h) = h**2 + 12*h + 34. Give r(-7).
-1
Let h(a) = a - 37. Determine h(0).
-37
Let u(l) = -l**3 + 12*l**2 - 44*l + 104. Give u(8).
8
Let b(g) = g**3 + 10*g**2 - 3*g + 24. What is b(-11)?
-64
Let b(x) = x**3 + 13*x**2 - 14*x - 6. What is b(-14)?
-6
Let j(n) = -n**2 - 2*n + 10. Give j(-5).
-5
Let q(h) = -32*h - 11. Give q(-1).
21
Let b(j) = j**3 + 39*j**2 + 57. What is b(-39)?
57
Let i(n) = 3*n**2 + 3*n. Determine i(-3).
18
Let w(d) = 17*d + 29. Calculate w(-5).
-56
Let g(a) = -a**2 + 32*a - 136. Give g(27).
-1
Let p(v) = -3*v**2 - 54*v + 10. Determine p(-18).
10
Let s(k) = 2*k**2 + 14*k + 5. What is s(-6)?
-7
Let v(g) = -g**2 + 7*g + 3. Determine v(8).
-5
Let u(h) = 11*h + 25. Give u(-4).
-19
Let p(f) = -2*f**2 + 48*f + 50. Give p(25).
0
Let a(l) = l**3 + 8*l**2 - 31*l + 18. Determine a(-11).
-4
Let d(x) = 2*x**3 + 30*x**2 - 2*x - 32. Give d(-15).
-2
Let y(s) = -s**3 + 37*s**2 + 5*s - 190. Determine y(37).
-5
Let f(l) = l**3 - 15*l**2 + 14*l - 1. Calculate f(14).
-1
Let t(o) = -4*o**2 - o + 3. What is t(-2)?
-11
Let x(p) = -30*p + 3. Give x(-5).
153
Let n(m) = -m**2 + 14*m + 58. Calculate n(17).
7
Let z(n) = -4*n + 17. Calculate z(6).
-7
Let m(n) = -8*n**2 - n - 1. Give m(-1).
-8
Let m(u) = u + 2. What is m(11)?
13
Let i(a) = -26*a + 312. What is i(12)?
0
Let k(o) = -o**3 + 10*o**2 - 16*o - 26. Calculate k(7).
9
Let w(h) = 12*h**2 - h - 1. What is w(1)?
10
Let l(q) = q**3 - 2*q**2 + 3*q - 5. Give l(4).
39
Let x(o) = -o - 21. What is x(-6)?
-15
Let m(c) = -2*c**3 - c**2 + 2*c. Calculate m(-2).
8
Let b(i) = i**3 + 3*i**2 + 4*i + 1. Determine b(-3).
-11
Let f(s) = -s**3 + 38*s**2 + 77*s + 58. What is f(40)?
-62
Let y(x) = x**2 + 14*x + 41. Give y(-9).
-4
Let s(p) = -18*p + 204. What is s(9)?
42
Let d(k) = -k**3 - 4*k**2 - 5*k. Determine d(-3).
6
Let o(i) = -i**3 - 24*i**2 - 3*i + 7. What is o(-24)?
79
Let f(b) = -b**3 - 6*b**2 + 14*b - 3. What is f(-8)?
13
Let x(l) = 2*l - 56. Determine x(26).
-4
Let v(b) = 6*b + 6. Give v(-8).
-42
Let k(r) = r**3 + 5*r**2 + 3*r - 3. What is k(-3)?
6
Let c(j) = j**3 + j**2 - 5. Determine c(0).
-5
Let l(b) = b**3 - 10*b**2 + 14. What is l(10)?
14
Let i(z) = -z**3 + 7*z**2 - 2*z - 1. Give i(6).
23
Let s(g) = 7*g**2 - 31*g - 12. Calculate s(5).
8
Let n(v) = 66*v**3 + 2*v**2 - v. Give n(1).
67
Let k(n) = n**2 + 16*n + 43. Calculate k(-7).
-20
Let r(l) = 3*l**3 + l**2 - 4*l - 4. Determine r(-2).
-16
Let b(j) = 8*j + 36. Give b(-8).
-28
Let u(c) = -2*c**2 - c + 50. Give u(6).
-28
Let g(r) = -r - 14. Calculate g(-6).
-8
Let i(p) = 6*p - 45. Give i(-2).
-57
Let q(j) = j**3 + 3*j**2 - 2. What is q(-3)?
-2
Let w(i) = -9*i**2 + i - 1. Give w(-2).
-39
Let b(m) = m - 30. Determine b(8).
-22
Let h(l) = -l**3 - 2*l**2 + 2*l - 2. Calculate h(0).
-2
Let b(q) = 2*q - 15. What is b(8)?
1
Let d(h) = h**3 + 8*h**2 - 9*h - 20. Give d(-9).
-20
Let j(g) = -g**3 + 23*g**2 - 21*g - 24. Calculate j(22).
-2
Let w(z) = -z**2 + 4*z + 21. Give w(7).
0
Let m(w) = 28*w + 1511. Calculate m(-54).
-1
Let h(c) = -4*c + 8. Give h(-6).
32
Let q(i) = -i + 8. What is q(5)?
3
Let q(o) = -o**3 + 8*o**2 + o - 13. Determine q(8).
-5
Let g(m) = 4*m + 1. Determine g(1).
5
Let c(j) = 2*j - 14. What is c(11)?
8
Let i(y) = y**2 - 9*y - 25. Determine i(-3).
11
Let g(o) = -4*o**2 + o + 2. What is g(-2)?
-16
Let k(v) = 3*v**2 + 43*v - 5. Calculate k(-14).
-19
Let u(k) = -k - 10. Determine u(8).
-18
Let c(s) = 5*s + 1. What is c(2)?
11
Let z(q) = -2*q**2 + 2*q + 4. Give z(3).
-8
Let t(o) = -14*o**2 - 3*o - 3. What is t(-1)?
-14
Let z(f) = 2*f**2 - 12. What is z(3)?
6
Let h(n) = -11*n**2 - 4*n - 12. Give h(-2).
-48
Let z(m) = m**3 - 13*m**2 - 38*m + 18. Determine z(15).
-102
Let s(d) = -6*d - 51. Determine s(-9).
3
Let g(i) = -3*i**3 - 8*i**2 - 4*i + 18. What is g(-4)?
98
Let t(m) = m**2 + 40*m + 120. Determine t(-37).
9
Let g(w) = w - 4. Give g(-10).
-14
Let d(i) = i**2 + 12*i + 4. Calculate d(-12).
4
Let q(w) = 4*w**3 - 5*w**2 - 3*w. Determine q(-1).
-6
Let o(j) = j**2 - 3*j - 5. Give o(4).
-1
Let z(l) = l**2 + 23*l - 29. What is z(-17)?
-131
Let n(p) = 23*p + 55. Determine n(-4).
-37
Let a(s) = -s**2 - 6*s + 8. Determine a(-7).
1
Let m(k) = 66*k - 202. Give m(3).
-4
Let a(n) = n**3 + 38*n**2 + 2*n + 73. Determine a(-38).
-3
Let x(z) = -3*z**3 + 2*z**2 - z + 4. Give x(2).
-14
Let m(j) = 2*j**2 + 5*j - 4. Determine m(-5).
21
Let b(s) = -2*s**2 - 33*s - 63. What is b(-14)?
7
Let k(w) = -2*w**2 + 40*w + 47. Calculate k(21).
5
Let b(v) = v - 35. What is b(12)?
-23
Let a(q) = -q**2 + 23*q + 74. What is a(24)?
50
Let j(q) = -3*q - 35. What is j(-8)?
-11
Let z(h) = -3*h - 70. Determine z(-22).
-4
Let l(v) = -99*v**2 + v - 1. Give l(1).
-99
Let b(v) = -2*v**3 + 7*v - 2. Calculate b(-2).
0
Let w(r) = 2*r**2 + 12. Calculate w(5).
62
Let d(q) = 7*q + 4. What is d(-4)?
-24
Let d(n) = 26*n - 168. Calculate d(7).
14
Let y(f) = f - 20. Give y(22).
2
Let g(u) = u**3 - 7*u**2 + 10*u + 8. Calculate g(5).
8
Let v(w) = -w**3 + 4*w**2 + 9*w - 5. Determine v(3).
31
Let h(x) = -22*x**2 + x - 1. What is h(1)?
-22
Let s(v) = 2*v + 22. Calculate s(-13).
-4
Let m(k) = -k**2 - 8*k + 6. Calculate m(-10).
-14
Let c(y) = 23*y**2 - 2*y + 1. Calculate c(1).
22
Let k(y) = -2*y**2 - 1. Calculate k(3).
-19
Let o(t) = -t**2 - 2*t. What is o(-2)?
0
Let d(n) = -n**3 + 5*n**2 + 5*n + 1. What is d(5)?
26
Let n(p) = -p - 4. What is n(-9)?
5
Let q(u) = 25*u - 17. Give q(1).
8
Let s(p) = -p**2 + 3*p + 4. Calculate s(4).
0
Let h(w) = -w**3 - 5*w**2 + 10*w + 6. Determine h(-7).
34
Let g(a) = -7*a**2 - 31*a - 13. What is g(-4)?
-1
Let p(j) = -12*j + 1. Determine p(-1).
13
Let b(t) = -t**3 - 5*t**2 - 4*t - 1. Give b(-2).
-5
Let g(n) = -n**2 + 21*n + 9. Calculate g(22).
-13
Let w(h) = h**3 - 11*h**2 + 10*h - 1. Determine w(10).
-1
Let i(w) = -w**3 + 5*w**2 - 5*w - 4. Determine i(3).
-1
Let w(f) = -4*f + 17. Give w(10).
-23
Let v(b) = -b + 37. Give v(5).
32
Let y(x) = x**3 + 2*x**2 - 7*x - 6. What is y(-3)?
6
Let t(o) = -o**2 - 2*o + 19. Determine t(6).
-29
Let u(i) = -i**3 - 22*i**2 + 23. Determine u(-22).
23
Let t(u